actors of 17900.
2, 5, 179
List the prime factors of 872.
2, 109
What are the prime factors of 42407?
42407
What are the prime factors of 46337?
46337
What are the prime factors of 2722?
2, 1361
List the prime factors of 2346.
2, 3, 17, 23
What are the prime factors of 37287?
3, 1381
What are the prime factors of 22467?
3, 7489
List the prime factors of 351.
3, 13
List the prime factors of 1613.
1613
What are the prime factors of 36524?
2, 23, 397
What are the prime factors of 2969?
2969
List the prime factors of 114802.
2, 61, 941
What are the prime factors of 9519?
3, 19, 167
What are the prime factors of 659?
659
What are the prime factors of 3325?
5, 7, 19
List the prime factors of 184.
2, 23
List the prime factors of 132.
2, 3, 11
List the prime factors of 49846.
2, 24923
What are the prime factors of 114507?
3, 4241
List the prime factors of 3629.
19, 191
What are the prime factors of 851?
23, 37
What are the prime factors of 461?
461
What are the prime factors of 865?
5, 173
What are the prime factors of 3547?
3547
List the prime factors of 70670.
2, 5, 37, 191
What are the prime factors of 5446?
2, 7, 389
List the prime factors of 3305.
5, 661
What are the prime factors of 10961?
97, 113
List the prime factors of 392.
2, 7
What are the prime factors of 36288?
2, 3, 7
What are the prime factors of 17?
17
List the prime factors of 7841.
7841
What are the prime factors of 1031?
1031
What are the prime factors of 1167?
3, 389
What are the prime factors of 3211?
13, 19
List the prime factors of 4278.
2, 3, 23, 31
List the prime factors of 44137.
19, 23, 101
List the prime factors of 21951.
3, 271
What are the prime factors of 2080?
2, 5, 13
What are the prime factors of 3804?
2, 3, 317
What are the prime factors of 31686?
2, 3, 5281
What are the prime factors of 1422?
2, 3, 79
What are the prime factors of 6250?
2, 5
List the prime factors of 684.
2, 3, 19
What are the prime factors of 357?
3, 7, 17
List the prime factors of 19066.
2, 9533
What are the prime factors of 77525?
5, 7, 443
List the prime factors of 46429.
29, 1601
What are the prime factors of 619?
619
What are the prime factors of 96951?
3, 17, 1901
What are the prime factors of 1326?
2, 3, 13, 17
List the prime factors of 2081.
2081
List the prime factors of 5108.
2, 1277
What are the prime factors of 19239?
3, 11, 53
What are the prime factors of 16803?
3, 1867
What are the prime factors of 14526?
2, 3, 269
List the prime factors of 2669.
17, 157
What are the prime factors of 9926?
2, 7, 709
List the prime factors of 15751.
19, 829
What are the prime factors of 34561?
17, 19, 107
What are the prime factors of 968?
2, 11
What are the prime factors of 33977?
61, 557
List the prime factors of 5341.
7, 109
List the prime factors of 16369.
16369
What are the prime factors of 1094?
2, 547
What are the prime factors of 11026?
2, 37, 149
What are the prime factors of 386?
2, 193
List the prime factors of 12388.
2, 19, 163
List the prime factors of 827.
827
List the prime factors of 34171.
34171
What are the prime factors of 4050?
2, 3, 5
List the prime factors of 1877.
1877
List the prime factors of 100787.
100787
What are the prime factors of 666?
2, 3, 37
List the prime factors of 93462.
2, 3, 37, 421
List the prime factors of 9404.
2, 2351
What are the prime factors of 35150?
2, 5, 19, 37
List the prime factors of 75.
3, 5
List the prime factors of 58838.
2, 13, 31, 73
What are the prime factors of 1707?
3, 569
List the prime factors of 632.
2, 79
List the prime factors of 606.
2, 3, 101
List the prime factors of 51908.
2, 19, 683
List the prime factors of 67733.
67733
List the prime factors of 1847.
1847
What are the prime factors of 19481?
7, 11, 23
What are the prime factors of 943?
23, 41
What are the prime factors of 4192?
2, 131
What are the prime factors of 17199?
3, 7, 13
List the prime factors of 284.
2, 71
What are the prime factors of 19556?
2, 4889
List the prime factors of 16548.
2, 3, 7, 197
What are the prime factors of 1380?
2, 3, 5, 23
List the prime factors of 5415.
3, 5, 19
List the prime factors of 34882.
2, 107, 163
What are the prime factors of 40804?
2, 101
List the prime factors of 9025.
5, 19
List the prime factors of 57942.
2, 3, 29, 37
List the prime factors of 2173.
41, 53
List the prime factors of 2905.
5, 7, 83
What are the prime factors of 403?
13, 31
What are the prime factors of 298?
2, 149
List the prime factors of 2135.
5, 7, 61
List the prime factors of 6245.
5, 1249
List the prime factors of 110059.
110059
List the prime factors of 265.
5, 53
List the prime factors of 9522.
2, 3, 23
What are the prime factors of 6637?
6637
What are the prime factors of 1169?
7, 167
What are the prime factors of 2045?
5, 409
What are the prime factors of 5113?
5113
List the prime factors of 1470.
2, 3, 5, 7
What are the prime factors of 107?
107
List the prime factors of 91435.
5, 18287
List the prime factors of 26939.
11, 31, 79
List the prime factors of 224.
2, 7
What are the prime factors of 18532?
2, 41, 113
What are the prime factors of 41519?
41519
What are the prime factors of 5118?
2, 3, 853
List the prime factors of 287.
7, 41
List the prime factors of 54664.
2, 6833
What are the prime factors of 109078?
2, 54539
List the prime factors of 1171.
1171
List the prime factors of 1296.
2, 3
What are the prime factors of 665?
5, 7, 19
What are the prime factors of 56088?
2, 3, 19, 41
What are the prime factors of 352?
2, 11
List the prime factors of 31181.
31181
List the prime factors of 71972.
2, 19, 947
What are the prime factors of 8911?
7, 19, 67
List the prime factors of 6334.
2, 3167
What are the prime factors of 17968?
2, 1123
What are the prime factors of 63947?
13, 4919
What are the prime factors of 12025?
5, 13, 37
What are the prime factors of 81441?
3, 9049
List the prime factors of 3609.
3, 401
What are the prime factors of 1756?
2, 439
List the prime factors of 1437.
3, 479
List the prime factors of 1737.
3, 193
List the prime factors of 19445.
5, 3889
What are the prime factors of 8361?
3, 929
What are the prime factors of 702?
2, 3, 13
List the prime factors of 8111.
8111
List the prime factors of 112489.
13, 17, 509
List the prime factors of 11236.
2, 53
What are the prime factors of 14182?
2, 7, 1013
What are the prime factors of 8927?
79, 113
What are the prime factors of 4731?
3, 19, 83
List the prime factors of 24274.
2, 53, 229
What are the prime factors of 41903?
41903
What are the prime factors of 5456?
2, 11, 31
What are the prime factors of 16570?
2, 5, 1657
What are the prime factors of 104?
2, 13
What are the prime factors of 12517?
12517
List the prime factors of 5964.
2, 3, 7, 71
List the prime factors of 1755.
3, 5, 13
List the prime factors of 13799.
13799
What are the prime factors of 26826?
2, 3, 17, 263
What are the prime factors of 1584?
2, 3, 11
What are the prime factors of 14529?
3, 29, 167
What are the prime factors of 83729?
101, 829
List the prime factors of 1812.
2, 3, 151
What are the prime factors of 28131?
3, 9377
List the prime factors of 1250.
2, 5
What are the prime factors of 16554?
2, 3, 31, 89
What are the prime factors of 31798?
2, 13, 1223
List the prime factors of 2348.
2, 587
List the prime factors of 3261.
3, 1087
List the prime factors of 10422.
2, 3, 193
What are the prime factors of 5858?
2, 29, 101
What are the prime factors of 679?
7, 97
List the prime factors of 376.
2, 47
List the prime factors of 3677.
3677
What are the prime factors of 4667?
13, 359
List the prime factors of 57870.
2, 3, 5, 643
List the prime factors of 72893.
72893
List the prime factors of 1260.
2, 3, 5, 7
List the prime factors of 18198.
2, 3, 337
What are the prime factors of 1444?
2, 19
What are the prime factors of 41493?
3, 13831
List the prime factors of 3781.
19, 199
List the prime factors of 8958.
2, 3, 1493
What are the prime factors of 14335?
5, 47, 61
What are the prime factors of 3401?
19, 179
What are the prime factors of 2518?
2, 1259
What are the prime factors of 598?
2, 13, 23
What are the prime factors of 3333?
3, 11, 101
List the prime factors of 777.
3, 7, 37
What are the prime factors of 84969?
3, 1049
What are the prime factors of 7084?
2, 7, 11, 23
What are the prime factors of 958?
2, 479
What are